emainder when 142 is divided by 48?
46
Calculate the remainder when 602 is divided by 11.
8
What is the remainder when 1308 is divided by 17?
16
What is the remainder when 399 is divided by 83?
67
What is the remainder when 3787 is divided by 79?
74
Calculate the remainder when 171 is divided by 56.
3
What is the remainder when 615 is divided by 78?
69
What is the remainder when 2005 is divided by 997?
11
Calculate the remainder when 16918 is divided by 8.
6
What is the remainder when 1895 is divided by 237?
236
Calculate the remainder when 129 is divided by 14.
3
Calculate the remainder when 44 is divided by 5.
4
What is the remainder when 104 is divided by 26?
0
What is the remainder when 172 is divided by 21?
4
What is the remainder when 358 is divided by 91?
85
Calculate the remainder when 467 is divided by 13.
12
Calculate the remainder when 13411 is divided by 51.
49
What is the remainder when 97 is divided by 45?
7
What is the remainder when 300 is divided by 75?
0
What is the remainder when 1021 is divided by 64?
61
Calculate the remainder when 1541 is divided by 14.
1
What is the remainder when 909 is divided by 154?
139
Calculate the remainder when 122 is divided by 9.
5
What is the remainder when 9055 is divided by 52?
7
Calculate the remainder when 479 is divided by 98.
87
Calculate the remainder when 3645 is divided by 192.
189
What is the remainder when 1143 is divided by 1130?
13
What is the remainder when 47 is divided by 24?
23
Calculate the remainder when 173 is divided by 2.
1
Calculate the remainder when 1390 is divided by 34.
30
What is the remainder when 34 is divided by 10?
4
Calculate the remainder when 352 is divided by 118.
116
What is the remainder when 42 is divided by 11?
9
What is the remainder when 231 is divided by 9?
6
What is the remainder when 152 is divided by 136?
16
Calculate the remainder when 19654 is divided by 12.
10
Calculate the remainder when 47 is divided by 12.
11
Calculate the remainder when 5630 is divided by 1124.
10
Calculate the remainder when 270 is divided by 17.
15
Calculate the remainder when 335 is divided by 87.
74
What is the remainder when 237 is divided by 70?
27
Calculate the remainder when 59 is divided by 12.
11
What is the remainder when 6859 is divided by 140?
139
What is the remainder when 862 is divided by 381?
100
What is the remainder when 2914 is divided by 54?
52
What is the remainder when 54 is divided by 17?
3
Calculate the remainder when 82 is divided by 3.
1
Calculate the remainder when 174 is divided by 69.
36
What is the remainder when 643 is divided by 25?
18
What is the remainder when 76 is divided by 22?
10
Calculate the remainder when 452 is divided by 125.
77
Calculate the remainder when 41 is divided by 7.
6
What is the remainder when 21 is divided by 15?
6
Calculate the remainder when 1998 is divided by 331.
12
What is the remainder when 631 is divided by 5?
1
Calculate the remainder when 3057 is divided by 311.
258
Calculate the remainder when 1708 is divided by 10.
8
Calculate the remainder when 74 is divided by 38.
36
What is the remainder when 177 is divided by 60?
57
What is the remainder when 422 is divided by 27?
17
What is the remainder when 48 is divided by 13?
9
What is the remainder when 369 is divided by 75?
69
What is the remainder when 491 is divided by 56?
43
What is the remainder when 1497 is divided by 50?
47
What is the remainder when 404 is divided by 49?
12
What is the remainder when 183 is divided by 163?
20
Calculate the remainder when 430 is divided by 106.
6
Calculate the remainder when 4771 is divided by 22.
19
What is the remainder when 81 is divided by 67?
14
What is the remainder when 852 is divided by 15?
12
Calculate the remainder when 51 is divided by 14.
9
What is the remainder when 119 is divided by 63?
56
What is the remainder when 264 is divided by 123?
18
Calculate the remainder when 258 is divided by 44.
38
Calculate the remainder when 1757 is divided by 59.
46
What is the remainder when 3287 is divided by 12?
11
What is the remainder when 3417 is divided by 11?
7
Calculate the remainder when 1171 is divided by 4.
3
What is the remainder when 510 is divided by 32?
30
What is the remainder when 204 is divided by 121?
83
Calculate the remainder when 558 is divided by 112.
110
What is the remainder when 446 is divided by 56?
54
Calculate the remainder when 141 is divided by 9.
6
Calculate the remainder when 471 is divided by 25.
21
What is the remainder when 34 is divided by 9?
7
Calculate the remainder when 498 is divided by 56.
50
Calculate the remainder when 619 is divided by 309.
1
Calculate the remainder when 2416 is divided by 186.
184
What is the remainder when 309 is divided by 159?
150
What is the remainder when 340 is divided by 118?
104
Calculate the remainder when 4526 is divided by 36.
26
What is the remainder when 19 is divided by 7?
5
Calculate the remainder when 87 is divided by 15.
12
Calculate the remainder when 236 is divided by 47.
1
What is the remainder when 60 is divided by 14?
4
What is the remainder when 7 is divided by 7?
0
What is the remainder when 321 is divided by 6?
3
What is the remainder when 175 is divided by 51?
22
Calculate the remainder when 2245 is divided by 21.
19
Calculate the remainder when 753 is divided by 180.
33
Calculate the remainder when 128 is divided by 28.
16
What is the remainder when 100 is divided by 62?
38
What is the remainder when 39 is divided by 2?
1
What is the remainder when 338 is divided by 39?
26
Calculate the remainder when 73 is divided by 11.
7
Calculate the remainder when 416 is divided by 50.
16
What is the remainder when 514 is divided by 31?
18
What is the remainder when 203 is divided by 16?
11
What is the remainder when 1096 is divided by 22?
18
Calculate the remainder when 256 is divided by 187.
69
What is the remainder when 412 is divided by 19?
13
What is the remainder when 6615 is divided by 10?
5
Calculate the remainder when 1021 is divided by 16.
13
What is the remainder when 1160 is divided by 9?
8
What is the remainder when 330 is divided by 83?
81
Calculate the remainder when 322 is divided by 113.
96
Calculate the remainder when 156 is divided by 53.
50
Calculate the remainder when 10690 is divided by 9.
7
Calculate the remainder when 109 is divided by 75.
34
What is the remainder when 234 is divided by 13?
0
Calculate the remainder when 66 is divided by 18.
12
Calculate the remainder when 291 is divided by 32.
3
Calculate the remainder when 943 is divided by 103.
16
Calculate the remainder when 29 is divided by 5.
4
What is the remainder when 3558 is divided by 40?
38
What is the remainder when 311 is divided by 45?
41
Calculate the remainder when 5575 is divided by 180.
175
What is the remainder when 161 is divided by 18?
17
Calculate the remainder when 99 is divided by 46.
7
What is the remainder when 215 is divided by 54?
53
Calculate the remainder when 882 is divided by 262.
96
Calculate the remainder when 371 is divided by 102.
65
What is the remainder when 5419 is divided by 59?
50
What is the remainder when 25085 is divided by 56?
53
What is the remainder when 1532 is divided by 70?
62
What is the remainder when 418 is divided by 85?
78
Calculate the remainder when 350 is divided by 5.
0
What is the remainder when 456 is divided by 27?
24
What is the remainder when 3 is divided by 1?
0
What is the remainder when 122 is divided by 6?
2
Calculate the remainder when 41 is divided by 22.
19
What is the remainder when 46 is divided by 15?
1
What is the remainder when 1637 is divided by 21?
20
What is the remainder when 90 is divided by 47?
43
What is the remainder when 1001 is divided by 56?
49
What is the remainder when 166 is divided by 4?
2
What is the remainder when 358 is divided by 34?
18
What is the remainder when 1393 is divided by 28?
21
Calculate the remainder when 197 is divided by 18.
17
What is the remainder when 247 is divided by 64?
55
What is the remainder when 1021 is divided by 16?
13
What is the remainder when 3715 is divided by 161?
12
What is the remainder when 472 is divided by 70?
52
Calculate the remainder when 102 is divided by 39.
24
What is the remainder when 159 is divided by 10?
9
What is the remainder when 